194
What is the greatest common divisor of 3582 and 2018?
2
What is the greatest common factor of 417 and 29?
1
Calculate the highest common divisor of 11938 and 2540.
254
Calculate the highest common factor of 30601 and 284.
71
What is the highest common divisor of 6760 and 240?
40
What is the greatest common factor of 146750 and 250?
250
Calculate the highest common divisor of 3690122 and 17.
17
Calculate the greatest common divisor of 19076 and 4180.
76
What is the greatest common factor of 430794 and 28?
14
What is the highest common factor of 60 and 71184?
12
Calculate the greatest common factor of 2704 and 232.
8
What is the highest common divisor of 299 and 231465?
13
Calculate the highest common divisor of 40146 and 6.
6
Calculate the highest common factor of 26599 and 201.
67
What is the highest common divisor of 968469 and 318?
159
What is the greatest common factor of 2786 and 1162?
14
What is the highest common divisor of 71732 and 395?
79
What is the highest common divisor of 113100 and 44?
4
Calculate the greatest common divisor of 30708 and 144.
36
What is the highest common divisor of 359543 and 2056?
257
What is the greatest common factor of 4589 and 3913?
13
Calculate the highest common divisor of 146 and 1871866.
146
What is the highest common factor of 1296 and 7164?
36
What is the greatest common divisor of 8750 and 1440?
10
Calculate the highest common factor of 176818 and 1676.
838
Calculate the greatest common divisor of 1557 and 45845.
173
Calculate the greatest common factor of 1082978 and 897.
299
Calculate the greatest common divisor of 3484 and 68.
4
Calculate the greatest common factor of 1336119 and 219.
219
What is the highest common factor of 4941 and 567?
81
Calculate the highest common divisor of 11008499 and 178.
89
Calculate the greatest common divisor of 217 and 66371.
31
What is the highest common factor of 2172 and 2345036?
724
What is the highest common factor of 22678 and 1392?
58
What is the greatest common factor of 346 and 48613?
173
What is the greatest common divisor of 14 and 13027?
7
What is the highest common factor of 223465 and 18700?
935
Calculate the greatest common divisor of 498 and 145582.
166
Calculate the highest common divisor of 6608 and 106672.
944
What is the highest common divisor of 24 and 405292?
4
Calculate the highest common factor of 237158 and 19.
19
Calculate the greatest common divisor of 16072 and 1960.
392
Calculate the highest common factor of 637701 and 93.
93
Calculate the greatest common factor of 8651904 and 384.
384
Calculate the highest common factor of 270 and 5990.
10
What is the highest common divisor of 90342 and 42?
42
Calculate the greatest common factor of 80 and 1807490.
10
Calculate the highest common factor of 8144 and 128.
16
Calculate the greatest common factor of 6 and 2556066.
6
Calculate the highest common divisor of 153845 and 145.
145
What is the highest common divisor of 273413 and 3892?
973
What is the highest common factor of 225388 and 268?
268
Calculate the highest common factor of 1036 and 15170.
74
Calculate the greatest common factor of 1715 and 770.
35
Calculate the highest common divisor of 4193 and 316272.
599
Calculate the highest common divisor of 3935 and 480.
5
Calculate the greatest common factor of 87863 and 82.
41
What is the greatest common factor of 98175 and 2856?
357
Calculate the greatest common divisor of 31185 and 139482.
567
Calculate the greatest common factor of 67774 and 412.
206
Calculate the greatest common divisor of 104 and 837000.
8
What is the greatest common factor of 698585 and 155?
155
Calculate the highest common divisor of 13 and 1031693.
13
Calculate the highest common factor of 86184 and 1246.
14
What is the highest common factor of 25 and 1638025?
25
Calculate the highest common divisor of 3934 and 350.
14
Calculate the highest common divisor of 2022776 and 2643.
881
Calculate the greatest common factor of 2 and 32218.
2
Calculate the highest common factor of 10528 and 15008.
224
Calculate the greatest common divisor of 840 and 119420.
140
Calculate the highest common factor of 101838 and 54.
6
What is the highest common divisor of 7960 and 440?
40
Calculate the greatest common divisor of 375162 and 558.
186
What is the greatest common factor of 82835 and 5?
5
What is the greatest common factor of 183012 and 505?
101
Calculate the highest common factor of 535 and 815.
5
Calculate the highest common divisor of 377542 and 4.
2
What is the greatest common divisor of 62713 and 826?
7
Calculate the greatest common divisor of 20 and 17280.
20
What is the greatest common divisor of 620 and 6100?
20
What is the highest common factor of 107600 and 88?
8
What is the highest common factor of 335 and 10?
5
What is the greatest common factor of 8068 and 324?
4
What is the highest common factor of 2130 and 4650?
30
What is the highest common divisor of 1921 and 391?
17
What is the highest common divisor of 104 and 301912?
104
What is the highest common factor of 25 and 37175?
25
Calculate the greatest common factor of 262178 and 140.
14
What is the greatest common factor of 15483 and 1911?
39
Calculate the highest common factor of 56144 and 1760.
176
What is the highest common divisor of 609 and 15428?
203
Calculate the greatest common factor of 21872 and 72.
8
What is the highest common divisor of 37682 and 2158?
166
Calculate the greatest common factor of 1067520 and 1200.
240
What is the greatest common factor of 32912 and 6358?
374
Calculate the greatest common divisor of 5044 and 16.
4
What is the highest common divisor of 296 and 168?
8
What is the highest common factor of 54076 and 8?
4
Calculate the greatest common factor of 2559446 and 344.
86
Calculate the greatest common factor of 20040818 and 217.
217
What is the highest common divisor of 189 and 7840?
7
Calculate the highest common factor of 94 and 618614.
94
Calculate the highest common divisor of 65 and 3686345.
65
What is the highest common factor of 110205 and 7584?
237
What is the greatest common factor of 37474 and 2009?
41
What is the highest common factor of 983460 and 185?
185
Calculate the highest common divisor of 97960 and 1817.
79
What is the greatest common divisor of 2196 and 60?
12
Calculate the highest common divisor of 2228 and 24.
4
What is the greatest common factor of 2212 and 356764?
316
What is the highest common divisor of 92664 and 121?
11
What is the greatest common factor of 350181 and 73?
73
What is the greatest common factor of 3708595 and 110?
55
What is the greatest common factor of 7523010 and 495?
495
Calculate the highest common factor of 12681 and 15.
3
What is the highest common factor of 1225 and 38325?
175
What is the greatest common divisor of 1530 and 5085?
45
What is the highest common divisor of 183 and 22021?
61
What is the highest common divisor of 282813 and 744?
93
Calculate the greatest common factor of 63583 and 224718.
871
What is the greatest common factor of 106 and 53583?
53
What is the greatest common factor of 490533 and 678?
339
What is the highest common factor of 152 and 760?
152
What is the highest common factor of 42 and 7511882?
14
Calculate the highest common factor of 26197 and 23.
23
Calculate the greatest common divisor of 45 and 98535.
15
What is the highest common divisor of 4 and 171372?
4
Calculate the greatest common factor of 2888 and 133.
19
Calculate the highest common factor of 463555 and 415.
415
What is the greatest common factor of 2595180 and 1110?
1110
What is the highest common divisor of 496 and 173136?
16
What is the highest common factor of 304044 and 156?
156
What is the highest common factor of 2259 and 45?
9
What is the highest common divisor of 7386 and 876?
6
Calculate the greatest common divisor of 155 and 33914.
31
What is the highest common factor of 4290 and 52800?
330
Calculate the highest common factor of 118569 and 187.
11
What is the highest common divisor of 245 and 21217?
49
What is the greatest common factor of 380 and 139232?
76
Calculate the highest common divisor of 174 and 1870413.
87
Calculate the greatest common divisor of 2245700 and 68.
68
What is the highest common factor of 203 and 662099?
29
What is the greatest common factor of 31549 and 896?
